225.
9
Let a(c) = -c + 23. Let r be a(-6). Calculate the highest common divisor of r and 261.
29
Let j = 174 + -108. Suppose l + 2*l = j. What is the greatest common factor of 11 and l?
11
Let o(i) be the first derivative of -i**4/4 - 7*i**3/3 + 7*i**2/2 + 12*i - 2. Let c = -16 + 8. Let l be o(c). What is the greatest common factor of 30 and l?
10
Suppose h - d - 13 = 0, 4*h = -5*d - 9 + 61. Calculate the greatest common divisor of h and 117.
13
Suppose -12 = -s + 3*d, 6*s - s - 4*d = 27. Let y(b) = -5*b + b - b - s. Let x be y(-3). What is the highest common divisor of 84 and x?
12
Suppose 4*i - 2*w = 342, 5*i - 6*i + w = -87. Calculate the greatest common divisor of 12 and i.
12
Suppose -37 = -2*c + v + 93, v - 68 = -c. Let p be ((-6)/(-9))/(1/c). Calculate the highest common divisor of p and 4.
4
Suppose 0 = 3*w + 2*m - 370, 444 - 64 = 3*w + 4*m. What is the greatest common divisor of w and 15?
15
Suppose -3*u - 4*v - v = -15, -u + v = -13. What is the highest common divisor of u and 110?
10
Let m(w) = -w**3 - 9*w**2 - 9*w - 6. Let p be m(-8). Suppose 3*r + p*d = 3*d + 663, d + 223 = r. What is the highest common divisor of r and 20?
20
Suppose 6 = 2*v - 4*g, 2*v - v = -4*g + 21. Suppose -3*r - 9 = -3*j, v = 5*j + 2*r + 1. What is the highest common factor of 10 and j?
2
Let f = 28 + -4. Let q(v) = 39*v + 6. Let r be q(6). Suppose 4*m - r = -0*m. Calculate the highest common divisor of m and f.
12
Let o(y) = -2*y + 3. Let f be o(-3). Calculate the highest common factor of f and 9.
9
Let z(g) = 22*g - 1. Let w be z(1). Calculate the highest common factor of 168 and w.
21
Let j = -26 + 42. Calculate the greatest common divisor of 80 and j.
16
Let u be (-4)/(-8) + 3 + (-70)/(-4). What is the highest common divisor of 35 and u?
7
Suppose 17 = 3*u - 1. Calculate the greatest common divisor of u and 9.
3
Suppose -2*v = 2*x, 2*x - 3*v - 10 = -0*x. Let w be x/3 - 388/(-3). What is the greatest common factor of w and 26?
26
Let o be (63/28)/(3/20). Suppose 0 = 2*f - 5*f - r + 4, 5*r = 3*f - 34. Calculate the greatest common divisor of f and o.
3
Let y be (-1)/(-3) - (-42)/9. Let a = y - -5. Calculate the greatest common factor of a and 110.
10
Let f = 131 - 101. What is the highest common factor of 10 and f?
10
Suppose -1 = -4*r + 3. Calculate the greatest common factor of 3 and r.
1
Let o be ((-1)/3)/(2/(-642)). Let x = -71 + o. Let b = -26 + x. What is the greatest common divisor of 2 and b?
2
Suppose -5*g = -4*p - 10, -3*g - 5*p + 6 + 0 = 0. Let c be 25 + (0 - 2) + g. What is the highest common divisor of 5 and c?
5
Let a = 463 + -259. Let f = 286 - a. Let l = 152 - f. What is the highest common divisor of 10 and l?
10
Let s = 30 + 5. Suppose i = -3*x - 2*i + 15, -5*x + s = -5*i. Calculate the highest common divisor of 48 and x.
6
Suppose 4*n = -5*t + 23, -5*n + 3*t + 19 = 6*t. Suppose n*h + 114 = 4*x, 0*x + 2*x = 5*h + 45. Calculate the greatest common factor of x and 3.
3
Suppose -6 - 48 = -3*u. Suppose -4*d = -3*t + 14, 3*d = -0*t + 3*t - u. Calculate the highest common factor of t and 50.
10
Let f(d) = -d**3 - d**2 - 4. Let v be f(0). Let a be v/(2/(-1)) - 64. Let x = -26 - a. What is the greatest common factor of x and 9?
9
Suppose -t = -0*t - 2, w + t - 10 = 0. What is the greatest common divisor of w and 32?
8
Let s = 21 + -17. Suppose 11 = g + s*l, -5*l = -4*g - 3*l + 8. Calculate the highest common factor of 2 and g.
1
Suppose 5*t + 5 = 5*s, 3*t - 4*s = -6 - 2. Let b(c) = -c**2 + 7*c + 10. Let r be b(8). Let y be 12*r/t*1. What is the highest common divisor of y and 24?
6
Let l be 150/4*4/5. Calculate the highest common divisor of l and 10.
10
Suppose 3*p + 10 = 2*z, 3*z + 2*z - 25 = 3*p. Let i = 27 - -13. What is the highest common factor of i and z?
5
Suppose -6*a = -a + 35. Let n(p) = -p**3 - 8*p**2 - 6*p + 9. Let x be n(a). What is the highest common factor of x and 2?
2
Let v = -70 - -24. Suppose 0 = -4*w - 2*d - d - 120, 2*d - 8 = 0. Let s = w - v. What is the highest common divisor of s and 65?
13
Let l(v) = 2*v**2 + v - 1. Let k be l(4). What is the greatest common divisor of 5 and k?
5
Let r be (-4)/14 + 128/7. Suppose 6*y - 4*y - 8 = 0. Suppose 0 = -2*d + 5*p + 75, y*d + 2*p = 6*p + 168. What is the highest common factor of d and r?
9
Suppose 2*o = -5*t + 886, -2*t + 118 + 231 = -o. Calculate the greatest common factor of 16 and t.
16
Suppose -69 = -r - 5*o, -6*r + 2*r + 191 = 3*o. Let j(l) = l**3 + 9*l**2 + 10*l - 17. Let u be j(-7). What is the highest common divisor of r and u?
11
Let t be ((-4)/6)/(1/(-9)). Calculate the highest common factor of t and 30.
6
Suppose 36 = 3*x + l, 5*l - 40 = -4*x + l. What is the highest common factor of x and 117?
13
Let n(r) = -33*r + 4. Let x be n(-3). Suppose -4*p + x + 137 = 0. Suppose 5*y + 20 = p. Calculate the highest common factor of y and 8.
8
Let u be 1*(-1)/2*-94. Suppose 3*j + 2*d = u, -3*j + 61 = j + d. Let z be 5/j - 382/(-6). Calculate the greatest common divisor of 8 and z.
8
Let h(c) = c**3 - c**2 + 1. Let n be h(0). Let i = 6 - n. Suppose 5*u - 2*u - 3*b = 15, -41 = -i*u - 3*b. Calculate the greatest common divisor of u and 28.
7
Suppose 7*b - 3*b = 396. What is the highest common divisor of 11 and b?
11
Let u be (4/(-6))/((5/(-39))/5). What is the highest common divisor of u and 234?
26
Suppose 5*q + 21 = 8*q. What is the highest common factor of q and 77?
7
Suppose v - y = 56, 265 = -2*v + 7*v - 2*y. What is the highest common factor of 17 and v?
17
Let y = -56 - -66. Let l(p) = -p**3 - 5*p**2 - 6*p + 8. Let v be l(-6). Calculate the highest common divisor of y and v.
10
Let f = -12 + 20. Let g be 1 - 4/f*-38. Calculate the greatest common divisor of g and 140.
20
Let w = -2 + 14. Suppose w = 3*k - k. Let l = 4 + 0. Calculate the greatest common divisor of k and l.
2
Suppose -2*j - 5*u = -131, -4*u = 4*j - 9*u - 247. Suppose -2*z + 2 = -40. Calculate the highest common factor of j and z.
21
Let s be (10/3)/((-6)/(-324) + 0). What is the greatest common divisor of 72 and s?
36
Let j(c) = c - 3. Let w be j(6). Suppose 0 = 5*z - 2*m - 72, -w*z + 41 = -4*m + 5*m. Let x = 22 - z. What is the highest common factor of 24 and x?
8
Let d = 94 + -62. Calculate the greatest common factor of d and 4.
4
Suppose 5*o + 9 = -71. Let g be (o/(-6))/(4/6). Suppose -g*r + 3*r = -22. Calculate the highest common divisor of 66 and r.
22
Suppose 7*x = 5*x + 10. Let p(k) = -41*k - 1. Let t be p(-1). Calculate the greatest common factor of t and x.
5
Suppose 0*r + 20 = 2*y - 2*r, -5*r = -y + 10. What is the highest common factor of 70 and y?
10
Suppose 16 + 2 = 3*v - 3*o, -2*v - 3*o = -2. Suppose h + i - 19 = -5, v*i = 2*h - 22. What is the highest common factor of 26 and h?
13
Let u be (-8)/28 - 136/14. Let z be (-10)/(-4) - 5/u. Suppose -36 = -2*n - 0*n - x, -4*n + z*x = -92. What is the highest common divisor of 5 and n?
5
Suppose 10 = -x + 4*n, 3*x - 31 = -2*n + 9. What is the highest common divisor of x and 10?
10
Suppose 0 = v - 4 + 3. Let n = -13 - -13. Suppose n = -3*x + 7*x - 44. Calculate the greatest common divisor of x and v.
1
Let t(r) be the third derivative of r**5/60 - r**3/3 - 5*r**2. Let l = -5 + 8. Let y be t(l). Calculate the greatest common divisor of 28 and y.
7
Let l be (6/(-2))/((-15)/1270). Suppose -5*g = -226 - l. Calculate the greatest common factor of 12 and g.
12
Let c(n) = 3*n - 6. Let y be c(5). Let o(i) = 2*i - 2. Let z be o(y). Calculate the highest common factor of z and 16.
16
Suppose 0 = u - 2*b - 14, 0*b - 4*b + 12 = 0. What is the highest common factor of u and 50?
10
Suppose -16 - 2 = 3*l. Let p be 6*4 + (5 - 5). Let d = p + l. Calculate the greatest common divisor of 9 and d.
9
Let n = 100 - 86. Calculate the greatest common divisor of n and 14.
14
Let r be ((-4)/5)/((-2)/365). Let k = 3 + 2. Suppose -5*p + 3*p + 232 = -2*x, k*x = -p + r. Calculate the highest common divisor of p and 11.
11
Suppose o = -2*o + 6. Suppose -j - 10 = -o*j. What is the highest common factor of 90 and j?
10
Let w = 42 - 30. Suppose 0*z + w = 3*z. Let q be (-4)/3*3/(-2). What is the highest common factor of z and q?
2
Let v = 287 - 166. Calculate the greatest common factor of 11 and v.
11
Let n = 90 - 398. Let r be -1 - (n - (-2)/(-2)). Calculate the greatest common divisor o